List the prime factors of 79355.
5, 59, 269
List the prime factors of 26052.
2, 3, 13, 167
What are the prime factors of 18152?
2, 2269
List the prime factors of 11232.
2, 3, 13
What are the prime factors of 2279?
43, 53
What are the prime factors of 18459?
3, 7, 293
List the prime factors of 77977.
77977
List the prime factors of 488.
2, 61
List the prime factors of 667.
23, 29
What are the prime factors of 30608?
2, 1913
List the prime factors of 26669.
26669
What are the prime factors of 8410?
2, 5, 29
What are the prime factors of 881?
881
List the prime factors of 17678.
2, 8839
What are the prime factors of 62701?
62701
What are the prime factors of 29681?
67, 443
List the prime factors of 29320.
2, 5, 733
What are the prime factors of 94295?
5, 18859
List the prime factors of 479.
479
What are the prime factors of 135?
3, 5
List the prime factors of 19466.
2, 9733
List the prime factors of 2479.
37, 67
List the prime factors of 114158.
2, 11, 5189
List the prime factors of 1239.
3, 7, 59
What are the prime factors of 1406?
2, 19, 37
List the prime factors of 27488.
2, 859
What are the prime factors of 284?
2, 71
List the prime factors of 14194.
2, 47, 151
What are the prime factors of 35839?
35839
List the prime factors of 5650.
2, 5, 113
What are the prime factors of 12049?
12049
What are the prime factors of 820?
2, 5, 41
What are the prime factors of 20875?
5, 167
List the prime factors of 147169.
11, 17, 787
List the prime factors of 3816.
2, 3, 53
What are the prime factors of 23421?
3, 37, 211
What are the prime factors of 43166?
2, 113, 191
What are the prime factors of 25686?
2, 3, 1427
What are the prime factors of 787?
787
What are the prime factors of 5164?
2, 1291
List the prime factors of 308.
2, 7, 11
What are the prime factors of 27636?
2, 3, 7, 47
What are the prime factors of 690?
2, 3, 5, 23
List the prime factors of 11479.
13, 883
List the prime factors of 3687.
3, 1229
What are the prime factors of 1642?
2, 821
List the prime factors of 11044.
2, 11, 251
What are the prime factors of 21969?
3, 2441
List the prime factors of 306.
2, 3, 17
List the prime factors of 21723.
3, 13, 557
What are the prime factors of 845?
5, 13
What are the prime factors of 6460?
2, 5, 17, 19
List the prime factors of 30690.
2, 3, 5, 11, 31
List the prime factors of 3348.
2, 3, 31
List the prime factors of 27041.
7, 3863
What are the prime factors of 79089?
3, 41, 643
List the prime factors of 1146.
2, 3, 191
What are the prime factors of 7011?
3, 19, 41
What are the prime factors of 18280?
2, 5, 457
What are the prime factors of 133?
7, 19
List the prime factors of 119.
7, 17
What are the prime factors of 41?
41
List the prime factors of 1745.
5, 349
List the prime factors of 1329.
3, 443
List the prime factors of 20430.
2, 3, 5, 227
What are the prime factors of 26547?
3, 8849
What are the prime factors of 6997?
6997
List the prime factors of 1687.
7, 241
List the prime factors of 67066.
2, 33533
List the prime factors of 40737.
3, 37, 367
What are the prime factors of 37895?
5, 11, 13, 53
What are the prime factors of 30809?
30809
What are the prime factors of 36917?
19, 29, 67
What are the prime factors of 2910?
2, 3, 5, 97
What are the prime factors of 1335?
3, 5, 89
List the prime factors of 64139.
31, 2069
List the prime factors of 7966.
2, 7, 569
What are the prime factors of 482?
2, 241
List the prime factors of 1129.
1129
List the prime factors of 841.
29
List the prime factors of 3027.
3, 1009
What are the prime factors of 1347?
3, 449
List the prime factors of 10253.
10253
List the prime factors of 47795.
5, 11, 79
What are the prime factors of 34008?
2, 3, 13, 109
What are the prime factors of 409?
409
What are the prime factors of 1480?
2, 5, 37
What are the prime factors of 62265?
3, 5, 7, 593
List the prime factors of 875.
5, 7
What are the prime factors of 140427?
3, 7, 743
List the prime factors of 676.
2, 13
What are the prime factors of 19225?
5, 769
What are the prime factors of 1633?
23, 71
What are the prime factors of 1972?
2, 17, 29
List the prime factors of 9073.
43, 211
List the prime factors of 6898.
2, 3449
List the prime factors of 33417.
3, 47, 79
List the prime factors of 16425.
3, 5, 73
What are the prime factors of 11706?
2, 3, 1951
List the prime factors of 2252.
2, 563
What are the prime factors of 53299?
53299
What are the prime factors of 3673?
3673
List the prime factors of 22061.
13, 1697
What are the prime factors of 79233?
3, 7, 11
List the prime factors of 13978.
2, 29, 241
List the prime factors of 31539.
3, 10513
List the prime factors of 213.
3, 71
List the prime factors of 392.
2, 7
What are the prime factors of 217?
7, 31
What are the prime factors of 16395?
3, 5, 1093
What are the prime factors of 156544?
2, 1223
What are the prime factors of 694?
2, 347
List the prime factors of 25651.
113, 227
List the prime factors of 106491.
3, 7, 11, 461
What are the prime factors of 3307?
3307
What are the prime factors of 4915?
5, 983
List the prime factors of 167956.
2, 199, 211
What are the prime factors of 285?
3, 5, 19
List the prime factors of 52117.
13, 19, 211
What are the prime factors of 24859?
24859
What are the prime factors of 797?
797
List the prime factors of 43041.
3, 14347
List the prime factors of 28618.
2, 41, 349
What are the prime factors of 2535?
3, 5, 13
List the prime factors of 886.
2, 443
What are the prime factors of 574?
2, 7, 41
What are the prime factors of 66?
2, 3, 11
What are the prime factors of 40973?
40973
List the prime factors of 1291.
1291
List the prime factors of 1876.
2, 7, 67
What are the prime factors of 696?
2, 3, 29
List the prime factors of 59090.
2, 5, 19, 311
What are the prime factors of 2044?
2, 7, 73
List the prime factors of 165564.
2, 3, 7, 73
List the prime factors of 181.
181
List the prime factors of 8808.
2, 3, 367
List the prime factors of 4598.
2, 11, 19
What are the prime factors of 105281?
11, 17, 563
List the prime factors of 2922.
2, 3, 487
What are the prime factors of 969?
3, 17, 19
What are the prime factors of 43160?
2, 5, 13, 83
What are the prime factors of 177?
3, 59
List the prime factors of 12768.
2, 3, 7, 19
What are the prime factors of 1027?
13, 79
What are the prime factors of 675?
3, 5
List the prime factors of 1069.
1069
List the prime factors of 6766.
2, 17, 199
What are the prime factors of 2502?
2, 3, 139
List the prime factors of 2070.
2, 3, 5, 23
What are the prime factors of 19084?
2, 13, 367
What are the prime factors of 6081?
3, 2027
What are the prime factors of 8404?
2, 11, 191
What are the prime factors of 16095?
3, 5, 29, 37
List the prime factors of 489.
3, 163
List the prime factors of 55560.
2, 3, 5, 463
What are the prime factors of 164118?
2, 3, 17, 1609
List the prime factors of 56916.
2, 3, 17, 31
What are the prime factors of 2874?
2, 3, 479
What are the prime factors of 5396?
2, 19, 71
List the prime factors of 1000.
2, 5
List the prime factors of 25667.
25667
List the prime factors of 9737.
7, 13, 107
What are the prime factors of 995?
5, 199
What are the prime factors of 19168?
2, 599
List the prime factors of 47293.
47293
What are the prime factors of 1202?
2, 601
What are the prime factors of 602?
2, 7, 43
List the prime factors of 3966.
2, 3, 661
List the prime factors of 49139.
49139
What are the prime factors of 1225?
5, 7
List the prime factors of 9022.
2, 13, 347
List the prime factors of 1828.
2, 457
What are the prime factors of 1752?
2, 3, 73
What are the prime factors of 3252?
2, 3, 271
What are the prime factors of 15627?
3, 5209
List the prime factors of 140014.
2, 7, 73, 137
What are the prime factors of 975?
3, 5, 13
List the prime factors of 3074.
2, 29, 53
List the prime factors of 7145.
5, 1429
List the prime factors of 8329.
8329
List the prime factors of 8171.
8171
List the prime factors of 9205.
5, 7, 263
List the prime factors of 900.
2, 3, 5
List the prime factors of 1124.
2, 281
List the prime factors of 22177.
67, 331
List the prime factors of 60477.
3, 19, 1061
List the prime factors of 1247.
29, 43
List the prime factors of 10315.
5, 2063
What are the prime factors of 20225?
5, 809
What are the prime factors of 2099?
2099
List the prime factors of 31987.
29, 1103
List the